ime factors of 5653927?
29, 194963
List the prime factors of 7993747.
7993747
What are the prime factors of 192551?
167, 1153
List the prime factors of 9761833.
67, 367, 397
What are the prime factors of 18673686?
2, 3, 61, 5669
List the prime factors of 794487.
3, 264829
What are the prime factors of 15222?
2, 3, 43, 59
List the prime factors of 14223465.
3, 5, 105359
List the prime factors of 705441.
3, 11, 21377
What are the prime factors of 2321089?
2321089
What are the prime factors of 28145671?
28145671
List the prime factors of 2639588.
2, 7, 31, 3041
What are the prime factors of 551143?
551143
List the prime factors of 3978978.
2, 3, 663163
What are the prime factors of 957713?
227, 4219
List the prime factors of 226015.
5, 17, 2659
What are the prime factors of 6305834?
2, 19, 31, 53, 101
What are the prime factors of 73655?
5, 14731
List the prime factors of 7925558.
2, 1427, 2777
What are the prime factors of 9295827?
3, 1489, 2081
List the prime factors of 1436736.
2, 3, 7, 1069
List the prime factors of 297571.
337, 883
List the prime factors of 1634467.
53, 30839
List the prime factors of 19022627.
13, 373, 3923
List the prime factors of 64968.
2, 3, 2707
What are the prime factors of 1726920?
2, 3, 5, 13, 41
List the prime factors of 300561.
3, 19, 5273
List the prime factors of 11589260.
2, 5, 47, 12329
What are the prime factors of 484681?
251, 1931
What are the prime factors of 11137203?
3, 7, 11, 487
What are the prime factors of 63642?
2, 3, 10607
What are the prime factors of 8815257?
3, 11, 67, 443
List the prime factors of 560868.
2, 3, 7, 11, 607
List the prime factors of 2611055.
5, 522211
List the prime factors of 8292941.
8292941
List the prime factors of 1097176.
2, 137147
What are the prime factors of 600578?
2, 11, 27299
What are the prime factors of 223655?
5, 41, 1091
List the prime factors of 5102116.
2, 73, 101, 173
List the prime factors of 216355.
5, 43271
List the prime factors of 54323.
54323
What are the prime factors of 231486?
2, 3, 41, 941
What are the prime factors of 1160368?
2, 11, 19, 347
List the prime factors of 4459369.
4459369
What are the prime factors of 707124?
2, 3, 11, 487
What are the prime factors of 1149976?
2, 31, 4637
List the prime factors of 1622212.
2, 405553
List the prime factors of 99976.
2, 12497
What are the prime factors of 205703?
205703
List the prime factors of 9945420.
2, 3, 5, 31, 5347
What are the prime factors of 22367040?
2, 3, 5, 23, 1013
What are the prime factors of 87474?
2, 3, 61, 239
What are the prime factors of 74264?
2, 9283
What are the prime factors of 106119?
3, 13, 907
What are the prime factors of 337365?
3, 5, 7, 17
List the prime factors of 191785.
5, 11, 317
What are the prime factors of 165708?
2, 3, 4603
What are the prime factors of 444220?
2, 5, 7, 19, 167
What are the prime factors of 9510709?
13, 731593
List the prime factors of 4630442.
2, 1423, 1627
List the prime factors of 32948524.
2, 7, 29, 40577
What are the prime factors of 13739830?
2, 5, 13, 105691
List the prime factors of 34176305.
5, 6835261
What are the prime factors of 579718?
2, 289859
What are the prime factors of 1754524?
2, 438631
What are the prime factors of 6436356?
2, 3, 647, 829
What are the prime factors of 1626730?
2, 5, 7, 17, 1367
What are the prime factors of 8814484?
2, 7, 43, 7321
What are the prime factors of 86042?
2, 11, 3911
What are the prime factors of 1350513?
3, 16673
What are the prime factors of 5683354?
2, 31, 2957
List the prime factors of 1527579.
3, 18859
What are the prime factors of 3512202?
2, 3, 585367
What are the prime factors of 4153582?
2, 2076791
What are the prime factors of 809488?
2, 50593
List the prime factors of 299777.
299777
What are the prime factors of 447961?
447961
What are the prime factors of 2602909?
2602909
What are the prime factors of 18663466?
2, 37, 252209
What are the prime factors of 1040626?
2, 520313
List the prime factors of 1913083.
683, 2801
List the prime factors of 5531071.
7, 13, 19, 457
List the prime factors of 8741983.
8741983
List the prime factors of 4916474.
2, 41, 59957
List the prime factors of 1006629.
3, 13, 53, 487
What are the prime factors of 2570060?
2, 5, 17, 7559
List the prime factors of 4986971.
11, 37, 12253
List the prime factors of 1355701.
467, 2903
What are the prime factors of 790388?
2, 197597
List the prime factors of 111263.
111263
What are the prime factors of 60893?
7, 8699
What are the prime factors of 289822?
2, 13, 71, 157
What are the prime factors of 356685?
3, 5, 7, 43, 79
List the prime factors of 3451761.
3, 127843
What are the prime factors of 1197804?
2, 3, 99817
What are the prime factors of 255600?
2, 3, 5, 71
What are the prime factors of 3594212?
2, 898553
What are the prime factors of 109956?
2, 3, 7, 11, 17
What are the prime factors of 32885?
5, 6577
List the prime factors of 10429970.
2, 5, 1042997
What are the prime factors of 3204651?
3, 1068217
List the prime factors of 6005620.
2, 5, 467, 643
List the prime factors of 142783.
17, 37, 227
What are the prime factors of 317867?
11, 37, 71
List the prime factors of 2122073.
2122073
List the prime factors of 2439190.
2, 5, 13, 29, 647
What are the prime factors of 2027818?
2, 13, 23, 3391
List the prime factors of 5452312.
2, 681539
What are the prime factors of 5980067?
83, 109, 661
List the prime factors of 1467569.
151, 9719
What are the prime factors of 8790?
2, 3, 5, 293
What are the prime factors of 3163656?
2, 3, 193, 683
What are the prime factors of 466411?
11, 109, 389
List the prime factors of 25565663.
53, 482371
List the prime factors of 5642169.
3, 13, 144671
What are the prime factors of 6143527?
13, 101, 4679
What are the prime factors of 1111702?
2, 37, 83, 181
What are the prime factors of 407089?
41, 9929
List the prime factors of 69154.
2, 71, 487
What are the prime factors of 659657?
659657
What are the prime factors of 680815?
5, 136163
List the prime factors of 1583145.
3, 5, 1303
List the prime factors of 1556105.
5, 139, 2239
List the prime factors of 868658.
2, 7, 62047
List the prime factors of 7631485.
5, 1526297
List the prime factors of 423203.
11, 79, 487
What are the prime factors of 498002?
2, 499
List the prime factors of 679899.
3, 11, 1873
What are the prime factors of 2746944?
2, 3, 19, 251
What are the prime factors of 375927?
3, 29, 149
What are the prime factors of 3341493?
3, 13751
List the prime factors of 1615377.
3, 421, 1279
What are the prime factors of 613261?
11, 197, 283
List the prime factors of 2066550.
2, 3, 5, 23, 599
List the prime factors of 4765894.
2, 7, 47, 7243
List the prime factors of 495079.
13, 38083
What are the prime factors of 31554?
2, 3, 1753
List the prime factors of 2052006.
2, 3, 11, 31091
What are the prime factors of 267668?
2, 61, 1097
List the prime factors of 279695.
5, 13, 331
List the prime factors of 17896262.
2, 113, 79187
What are the prime factors of 102187?
17, 6011
What are the prime factors of 513182?
2, 59, 4349
List the prime factors of 12532418.
2, 37, 163, 1039
What are the prime factors of 3681978?
2, 3, 23, 26681
What are the prime factors of 5427901?
19, 29, 9851
What are the prime factors of 16543751?
7, 2363393
List the prime factors of 623079.
3, 47, 491
List the prime factors of 47780.
2, 5, 2389
List the prime factors of 1561532.
2, 7, 31, 257
What are the prime factors of 78262?
2, 109, 359
What are the prime factors of 18723208?
2, 7, 19, 17597
List the prime factors of 818817.
3, 191, 1429
What are the prime factors of 1089638?
2, 11, 49529
List the prime factors of 1652066.
2, 13, 63541
What are the prime factors of 3838918?
2, 1919459
What are the prime factors of 16240?
2, 5, 7, 29
List the prime factors of 146956.
2, 36739
What are the prime factors of 3924875?
5, 17, 1847
List the prime factors of 18607.
23, 809
What are the prime factors of 7759481?
367, 21143
What are the prime factors of 275579?
275579
What are the prime factors of 1086078?
2, 3, 7, 19, 1361
What are the prime factors of 356677?
17, 20981
List the prime factors of 4614919.
41, 112559
What are the prime factors of 327550?
2, 5, 6551
What are the prime factors of 694170?
2, 3, 5, 857
What are the prime factors of 22799530?
2, 5, 13, 109, 160